*v - q. List the prime factors of v.
3
Suppose i + 30 = -x, -5*x + 3*i = 100 + 34. Let f be (2/(-4))/((-1)/(-2)). List the prime factors of 3/(-6)*x + f.
13
Suppose 2*n + s = -0*s - 123, n + 45 = 5*s. Let z = n + 99. List the prime factors of z.
3, 13
Let l(q) = q + 13. Let z be l(-7). List the prime factors of (z - 3)/((-2)/(-6)).
3
Let c = -1 + 35. List the prime factors of c.
2, 17
Let q(v) = v**3 + v**2 + 1. Let t(x) = -x - 2. Let d be t(-2). Let o be q(d). What are the prime factors of (-49)/(-4) + o/(-4)?
2, 3
Suppose -53 = 4*l - 9. Suppose -4*v + u - 53 = -7*v, 0 = -v + 5*u - 9. Let f = l + v. What are the prime factors of f?
5
Let a = 76 + -33. List the prime factors of a.
43
Suppose -176 = -7*d + 3*d - 4*a, 4*d - 5*a = 167. Let l be d/(-5) + (-4)/10. Let h = 24 + l. What are the prime factors of h?
3, 5
Let t(k) = k**2 - 8*k + 10. Suppose -4*o - 4*h = -h - 43, 0 = -5*o + 2*h + 25. Let z = 14 - o. List the prime factors of t(z).
3
Let u = 164 + -96. Let b = -41 + u. List the prime factors of (-6)/27 + 168/b.
2, 3
Suppose 11 = 2*y - n, 1 = -y - 5*n - 10. Suppose 2*p = 7*p. Suppose -3*q + 5*q - y = p. List the prime factors of q.
2
Suppose 0 = 4*c - 2*n + 86, -3*c - n = -19 + 71. Let f = c + -1. List the prime factors of (44/f)/(3/(-15)).
11
Let j = 27 - 16. Let w = -11 + 14. Suppose w + j = c. List the prime factors of c.
2, 7
Suppose -3*o + x + 210 = 0, 5*o = o - 2*x + 280. What are the prime factors of o?
2, 5, 7
Let y = -1 + -1. Let i(z) = -58 - z + 58. What are the prime factors of i(y)?
2
Suppose -3*x - 15 = -i, -3*i - 6*x - 11 = -x. Suppose 56 = i*q + 2*r - 4*r, 2*r = 2*q - 38. List the prime factors of q.
2, 3
Let y = 4 - 0. Suppose y*n + 26 = -2. Let j = n + 10. What are the prime factors of j?
3
Let u = -3 + 6. Suppose -u*h = 9 - 36. What are the prime factors of h?
3
Suppose 0 = 3*k + k - 4. Let z(n) = 15*n**3 + n. What are the prime factors of z(k)?
2
Suppose 0 = -5*g + 4*y - 3*y + 88, 3*g - 3*y = 48. Let w be 0 - ((-2)/2 - 28). Let o = w - g. What are the prime factors of o?
11
Suppose 5*i = -15 - 15. Let g be ((-8)/i)/((-12)/(-162)). Let x = g - 6. List the prime factors of x.
2, 3
Let h be (-3 + 1)/4*-22. Suppose -n = -w + 6, 5*n = -w - 1 - 11. Suppose 5*r - 37 = w*b - 0*b, 4*b = -r - h. List the prime factors of r.
5
Let l be (-2 + 4)/((-10)/165). Let k = l - -55. What are the prime factors of k?
2, 11
Let f = 349 - 232. List the prime factors of f.
3, 13
Suppose -4*t = 5*b - 15, 0 = -t - b - 1 + 4. Suppose -4*y + 6*y - 10 = t. Let d = 8 + y. What are the prime factors of d?
13
Suppose -3*j + 3*u + 48 = 0, -2*j - 4*u = -18 - 20. Let l = j - -9. List the prime factors of l.
2, 13
Let z = 9 + -2. Let u(m) = m**3 - 8*m**2 + 7*m. Let c be u(z). Let i = c - -17. What are the prime factors of i?
17
Suppose 9 + 0 = 3*x. Let o = x + 0. Suppose 2*b - 5*i = -1 + 14, -3*b + o*i + 24 = 0. List the prime factors of b.
3
Let a = 5 + 26. Suppose 25 = 4*c - a. List the prime factors of c.
2, 7
Suppose -2*h + y = -0*h - 191, -5*h - 3*y + 461 = 0. Suppose 116 = 5*m - h. List the prime factors of m/8 + 2/(-8).
5
Let s(t) = t**3 + 5*t**2 - 5*t. Let f be s(-5). Suppose -f - 6 = -l. Suppose 5*c - l = -3*h, c - 3*h - 7 = 10. List the prime factors of c.
2
Suppose 3*l + 12 = 3*t, 0*l + 5*l - 15 = -2*t. Let k be 57/18 + l/(-6). Suppose 5*r - 4*i = 11, 3*i - 2*i = k*r - 8. What are the prime factors of r?
3
Let y(n) = n**2 + 7*n - 7. Let z be y(-9). Let d = 24 - z. What are the prime factors of d?
13
Let r = -23 - -44. What are the prime factors of r?
3, 7
Suppose 0*r = -4*r + 3*o + 426, 0 = -5*o + 10. List the prime factors of r/8*2*1.
3
Let y(m) = -4*m - 5. Let d(k) = -5*k - 5. Let v(q) = 5*d(q) - 6*y(q). Let w be v(3). Suppose -w*r = -4*r + 5*a + 32, 5*r + a = 53. List the prime factors of r.
11
Suppose l = 2*k - 20, -4*k = -l - 20 - 16. Suppose 4*q - 8 = k. Suppose 8 = q*f - 4*c, 4*c = -2*f - 0*f + 34. What are the prime factors of f?
7
Let f = -27 - -42. What are the prime factors of (2 - -1) + -5 + f?
13
Let i(b) = -11*b - 13. What are the prime factors of i(-18)?
5, 37
Let y = 23 - 28. Let n(h) be the third derivative of h**5/60 - 5*h**3/6 - h**2. What are the prime factors of n(y)?
2, 5
Let o(q) = q + 13. Let s be o(-10). List the prime factors of (s + -1)*259/14.
37
Let r be 1/(4/6)*-8. Let k be 8/r - (-2)/3. Suppose -5*d + 1 = -3*b, k = -3*b - d + 10 + 19. List the prime factors of b.
2
Suppose -2*d - 99 = -11*d. Let h be ((0 - -1) + 0)*0. Suppose -j - 1 + d = h. What are the prime factors of j?
2, 5
Suppose -5*o - g = -39, -17 = -2*o - o + g. Suppose -4*p + 2*p + 5*t + 53 = 0, 2*t + 66 = 4*p. List the prime factors of (-2)/o - (-144)/p.
2, 5
Let u(d) = d**2 - 5*d. What are the prime factors of u(8)?
2, 3
Let c = 47 - 23. What are the prime factors of c?
2, 3
Let p = 11 - 17. Suppose -5*o = 3*q - 2 + 42, 2*o = -q - 15. List the prime factors of (o + 2)/6*p.
3
Let v(k) = 2*k + 4. Let w be v(12). Let a = w + -13. List the prime factors of a.
3, 5
Let c(v) = -44*v**3 + 5*v**2 - 10. List the prime factors of c(-2).
2, 181
Let x(w) = -w**2 + 8*w - 5. Let v be 2/(-4)*-12 - -1. List the prime factors of x(v).
2
Suppose -q - 3 = -2*o - o, q = 2*o - 3. Let p be (-60)/(-27) - 2/9. Suppose o = -p*a + 4*a - 24. List the prime factors of a.
2, 3
Let z = -131 + 240. What are the prime factors of z?
109
Let i(f) = -f**3 + 5*f**2 - 2*f - 1. Let g(h) = -h**3 + 10*h**2 - 8*h - 6. Let a be g(9). What are the prime factors of i(a)?
11
Suppose -2*f + 21 = -3*s, f - 27 + 12 = -3*s. What are the prime factors of f?
2, 3
Suppose -142 = -5*g + 68. What are the prime factors of g?
2, 3, 7
Let v(r) = 3*r**2 - 2. Let i = 8 + -10. List the prime factors of v(i).
2, 5
Suppose -26 = -3*c + 202. Suppose 3*s - c = 2. What are the prime factors of s?
2, 13
Suppose -15 = -4*r + 97. Let v = r + -4. What are the prime factors of v?
2, 3
Let y = -9 - -18. Let i(s) = s**3 - s**2 - s + 1. Let x be i(2). Let b = y + x. What are the prime factors of b?
2, 3
Let v be (8 + -12)*14/(-4). Suppose -3*k + 10 = -v. List the prime factors of k.
2
Let i(n) = -n - 4. Let k be i(-9). Suppose 0*c + k*x = 2*c + 14, -x = 5*c - 19. Suppose c*z = -3*f - 6, 13 = -3*z + 1. List the prime factors of f.
2
Suppose -4*m = -3*j - 80, -23 = -m - 2*j + 8. List the prime factors of m.
23
Suppose 3*s + 5 = -10. Let k = 7 + s. What are the prime factors of k?
2
Suppose -d = -2*g + 12, 2*d - 7*d = 2*g + 12. Suppose 0 = g*c - 9*c. Suppose -3*j + 42 - 9 = c. List the prime factors of j.
11
Suppose 0*k + 3*k - 123 = 0. What are the prime factors of k?
41
Suppose -5*i + 3*w + 195 = -198, 0 = -3*i - 2*w + 232. List the prime factors of 8/(-16) - i/(-4).
19
Let f be (-4)/2 - 15/(-3). Suppose -4*n - w + 33 = 0, n + f*n + 2*w - 30 = 0. Let u = n - 5. List the prime factors of u.
2
Let s(j) = -j**2 - 15*j - 11. Let m be s(-14). Suppose -4*h + 4*n + 84 = 0, -n + 3*n = m*h - 62. List the prime factors of h.
2, 5
Suppose 7*y - 12 = 3*y. Suppose -y*i = -43 + 10. What are the prime factors of i?
11
Let h = 19 + -9. Let j = -5 + 3. List the prime factors of h - 3/6*j.
11
Let f(m) = -2*m**3 - 4*m**2 - m + 2. Let n be f(-2). What are the prime factors of 3248/126 + n/18?
2, 13
Suppose -60 = -4*t + 76. List the prime factors of t.
2, 17
Let z = -2 - -5. Suppose -z*c + 2*c + 2 = 0. List the prime factors of c.
2
Suppose 1 = 4*p - 15. Suppose 12 = p*b - 3*b. Let r = 21 - b. What are the prime factors of r?
3
Let k = 35 + 24. What are the prime factors of k?
59
Let s be (-10)/5 - 2*-2. Suppose 0 = -f - s*f - 126. List the prime factors of (-2)/(-3) - f/18.
3
Let r = -290 - -526. What are the prime factors of r?
2, 59
List the prime factors of 0 + 2 - (-60 + -6 + -2).
2, 5, 7
Suppose -2*z + 0*z = 3*p + 14, 0 = -3*p + 3*z + 6. Let x be (4/(-12))/((-2)/(-12)). What are the prime factors of 4/(p/x) + 2?
2, 3
Let m(p) be the first derivative of p**4/4 - 2*p**3/3 + 2*p**2 - 2*p - 2. List the prime factors of m(2).
2, 3
Let b(c) = -2*c**2 - 2*c + 2. Let l be b(-2). Let r = 4 + l. List the prime factors of r.
2
Suppose -i - 9 = 2*i. Let a = i - -9. Let y = -3 + a. List the prime factors of y.
3
Suppose -6*k + 5*k = -15. Suppose 4*m - k = 101. List the prime factors of m.
29
Let d be 85/(-15) + (-1)/3. List the prime factors of (-8